.
18
Suppose 3*u - z + 4995 = 0, 4*u + 2*z + 6660 = -2*z. What is the remainder when u/(-25) - 2/(-5) is divided by 14?
11
Let h be (-6 - 1) + -16 + 17. What is the remainder when (-1 + 0 - 0)*-98 is divided by 23 + (h/(-12))/((-2)/(-8))?
23
Let b = -28 - -21. What is the remainder when (92/(-14))/(1/b) is divided by (-2)/4 + (-50)/(-4)?
10
Suppose 5*h - 5 = -3*b + 21, 2*h = 4*b - 26. Let x(d) = 2*d**3 - 2*d**2 - d - 1. Suppose k = -k + 4. What is the remainder when b is divided by x(k)?
2
Suppose 0 = 19*l - 120 - 13. What is the remainder when 138 is divided by l?
5
Suppose 11 = -5*f - 14, -5*l = 2*f - 680. What is the remainder when l is divided by 35?
33
Let c = 15 - 6. Let t(x) = -x**3 - 9*x**2 + 224*x - 27. What is the remainder when t(11) is divided by c?
8
Suppose 2*y - f + 51 = 3*y, -96 = -2*y + 4*f. Let o be (-132)/30*(1 + 4). Let s = o + 48. What is the remainder when y is divided by s?
24
Let k = 145 + -82. What is the remainder when k is divided by (-20)/12*3 + 37?
31
What is the remainder when -2 + (-4 + -1 - -10) + 150 is divided by 26?
23
Suppose -2*n = 2*n + 5*a - 578, -5*n + 3*a + 741 = 0. Let q = -121 + n. Suppose 2*g - 56 = -2*g. What is the remainder when q is divided by g?
12
Suppose -3*v = -61 - 74. Let w = -111 - -117. What is the remainder when v is divided by w?
3
Let m(j) = 12*j**2 + 8*j - 7. What is the remainder when 64 is divided by m(1)?
12
Let y(n) = n**3 - 3*n**2 - 2. Let g be y(4). Suppose -4 - g = -3*a. Calculate the remainder when 15 is divided by a.
3
Let l(o) be the first derivative of 19*o**2/2 - 3*o + 8. Let w = -7 + 16. Calculate the remainder when l(2) is divided by w.
8
Suppose 28*d = -3*d + 1302. Calculate the remainder when 105 is divided by d.
21
Let r be 63/(-7)*(-19)/(-3). Let a = 97 + r. What is the remainder when 158 is divided by a?
38
Suppose g + 15 = h, 2*g + 17 + 26 = 3*h. Let n(c) = -c + 16. Let x be n(12). Calculate the remainder when 4/(x/63) + 1 is divided by h.
12
Let g = 13 + -8. Suppose -g*l = -l - 48. Suppose -3*o = -5*o + l. Calculate the remainder when 8 is divided by o.
2
Let s(c) = 11*c**2 + 7 + 0 - 22*c**2 + 14*c**2. Calculate the remainder when s(5) is divided by 14.
12
Suppose h = 2*h - 5. Calculate the remainder when (-246)/(-15) + (-1056)/(-60) + -18 is divided by h.
1
Let t(h) = h**2 + 21*h + 6. Suppose 19 = 5*u - 21. Let i = 29 - u. What is the remainder when i is divided by t(0)?
3
Let a = -330 - -401. Calculate the remainder when a is divided by 16.
7
Suppose -7192 = -39*y + 1427. Calculate the remainder when y is divided by 28.
25
Let v(u) = -12*u + 7. Let i be v(-4). Let w = 67 - i. Calculate the remainder when 29 is divided by w.
5
Suppose -2*a + 108 = -51*z + 46*z, 169 = 3*a - 4*z. Calculate the remainder when 93 is divided by a.
34
Let c(o) = -o**3 + o**2 - o + 15. Suppose 53 + 51 = w + j, 0 = w + 2*j - 104. What is the remainder when w is divided by c(0)?
14
Let r(i) = -i**2 + 12*i - 4. Let h be r(12). Let x(t) = 2*t - 3*t + 0 + 1. Calculate the remainder when x(h) is divided by 3.
2
Suppose -12 - 2 = -2*k. Suppose -13*y = -k*y - 120. What is the remainder when 77 is divided by y?
17
Suppose 2*r - 82 - 68 = 0. Calculate the remainder when r is divided by 3*13*(-5)/(-15).
10
Let q = -263 - -295. What is the remainder when (-9)/(((-2)/2)/7) is divided by q?
31
Suppose -2*i = -5*j + 14, 4*j - 2*j = i + 5. Let d = 68 + -58. Calculate the remainder when d is divided by j.
2
Let i(m) = m**3 - 7*m**2 + 4*m + 11. Let k be i(7). Suppose 3*x + 37 = 5*a, 5*a + 5*x - k = 6*x. What is the remainder when 46 is divided by a?
6
Suppose 3*p = -17 - 10. What is the remainder when 296/6 + (-6)/p is divided by 13?
11
Suppose 0 = -q + u - 3, -2*q = q + 4*u + 30. Suppose 4*d + 48 = d. Let k = q - d. What is the remainder when 36 is divided by k?
6
Suppose 8*z + 8*z = 912. What is the remainder when 162 is divided by z?
48
Suppose -34 - 2 = -i. Calculate the remainder when 791 is divided by i.
35
Suppose 0 = -4*b + 5*v + 17, 3*b - 16 = v + 5. What is the remainder when b is divided by 5?
3
Let u be 7/(-28) + (-66)/(-8) + 1. Suppose -35 + u = -2*l. What is the remainder when 29 is divided by l?
3
Suppose -q - 5*k + 22 = 0, 2*q = -0*q - 4*k + 50. Suppose 0 = 3*r - q - 24. Calculate the remainder when 31 is divided by r.
14
Suppose -187*i + 184*i = -45. Calculate the remainder when 204 is divided by i.
9
Let q(o) = 8*o - 14. What is the remainder when 166 is divided by q(8)?
16
Let g(a) = -70*a - 28. What is the remainder when 202 is divided by g(-1)?
34
Suppose -3*m - 8 = -20. Suppose m*b - 86 = -k, 4*k + 3*b = 2*k + 152. What is the remainder when k is divided by 24?
22
Let t(i) = 20*i**2 + 2*i + 2. Let k be t(-1). Suppose 10*m - 9*m = k. Calculate the remainder when m is divided by 20.
0
Let u be (-6)/21 - 4/(-14). Suppose 5*m = -3*x + 2*x + 293, 2*m - 2*x - 122 = u. Calculate the remainder when m is divided by (-60 + 53)*(-3 + (1 - 1)).
17
Let a(s) = -5*s - 2. Calculate the remainder when (-2)/(6/(-231)) - 0 is divided by a(-3).
12
Suppose 4*u - 8 = 0, -2 = 2*p - 2*u - 30. Suppose -p*n + 23*n = 91. Calculate the remainder when 103 is divided by n.
12
Calculate the remainder when (-155)/(-3) - 6/9 is divided by 10/(-4)*(-112)/20.
9
Let k = -188 - -96. Let q = -54 - k. Let g = 533 - 523. What is the remainder when q is divided by g?
8
Let x(s) = -s**3 + 40*s**2 - s + 84. What is the remainder when 69 is divided by x(40)?
25
Let p = -1460 - -1562. What is the remainder when p is divided by 2?
0
Suppose 2*z - 4*z - 2*q = -16, 4*z + 3*q - 32 = 0. Suppose -s + 27 = z*s. What is the remainder when 11 is divided by s?
2
Suppose -2*u - 54 = 8. Let h = u + 22. Let y = 17 + h. Calculate the remainder when 22 is divided by y.
6
Suppose 2*k = -67 + 297. What is the remainder when k is divided by 10?
5
Let c(u) = 2*u**2 - 2*u - 2. Let a be c(-1). Suppose -3*g - a*g = -10. What is the remainder when g is divided by (-4)/(-6)*1*3?
0
Suppose 6*v + 10 = 5*t + 2*v, -6 = -3*t - 5*v. Let l = 0 + t. Suppose l*b - b = 15. What is the remainder when 44 is divided by b?
14
Let j(v) be the third derivative of v**5/12 + v**4/8 + v**3/2 - v**2. Let c be j(-1). What is the remainder when c/25 + (-119)/(-5) is divided by 9?
6
Suppose -5*y - 146 = -c, 4*c - 3*y + y = 530. Let b = c - 111. Let k(x) = x**3 - 8*x**2 + 6*x - 10. Calculate the remainder when k(8) is divided by b.
18
Let k(z) = 6*z. Let g(a) = -1. Let o = 18 + -17. Let x(c) = o*k(c) - g(c). Calculate the remainder when x(6) is divided by 10.
7
Let w(q) = -2*q**2 + 13*q - 11. Let y be w(12). Let h = -109 - y. What is the remainder when h is divided by 12?
10
Suppose 7*y = 4*y + 120. Suppose 2*p - 4 = 0, 2*p + 61 = m + 6*p. Let d = m - 42. What is the remainder when y is divided by d?
7
Let g(q) = 14*q + 638. Calculate the remainder when 142 is divided by g(-43).
34
Suppose 3*c + 5*a = 382, -4*c + 5*a = -5*c + 134. Let b = -101 + c. What is the remainder when b is divided by 7?
2
Suppose -2*d + 550 = 3*d. Let r be 3/(14/8 + -3 + 2). Suppose 5*g = -r*u + 97, 3*g + 63 = 2*u - 2. What is the remainder when d is divided by u?
26
Suppose -p = 2*p - 6. Suppose -51 = -a - p*a. Suppose -i - 199 = -4*j, 5*i + 147 = 3*j + 2*i. What is the remainder when j is divided by a?
16
Let u = 31 - -41. Suppose -2*w - a = -99, -3*a = w + 2*a - u. What is the remainder when w is divided by 25?
22
Suppose -144 = 3*t + 4*o - 16, t = 5*o - 11. Let z be (-2)/3 - 3516/t. Let k = z - 64. Calculate the remainder when k is divided by 12.
9
Suppose -4*q + 24 = -2*z, -3*q = -2*z - 15 - 3. What is the remainder when q is divided by 4?
2
Calculate the remainder when 1823/5 + (-736)/460 is divided by 5.
3
Let h be (-4)/20 + (-64)/(-20). Suppose -2*r = h*w - r - 93, -3*w = 3*r - 99. Calculate the remainder when w is divided by 13.
4
Let d = 235 + -201. Calculate the remainder when 56 is divided by d.
22
Suppose 2*x + x - 156 = -5*v, -x = -4*v + 135. Calculate the remainder when 240 is divided by v.
9
What is the remainder when (-20)/(-170) - (-1)/(102/22326) is divided by 17?
15
Let m = -83 - -106. What is the remainder when (67/4)/(2/8) is divided by m?
21
Let v(r) = 358*r - 1. Calculate the remainder when v(1) is divided by 30.
27
Suppose -f + 2*d + 3*d - 13 = 0, -5*f + 5*d + 35 = 0. Wh